5. What is the hundreds digit of w?
6
Suppose -5*t + 4*g - 684 = -4080, -3*t - g + 2041 = 0. Suppose -4*y = -8*y + t. Let j = 244 - y. What is the units digit of j?
4
Let x = -1515 - -1653. Suppose 0 = l - 2*c - 14, -4*l - 2*c - 3*c + 69 = 0. Let v = l + x. What is the tens digit of v?
5
Let g(f) = 29*f**2 + 15*f + 53. What is the units digit of g(10)?
3
Let s be (6 + -198)/(-3) + -5. Suppose 49*l - s*l = -3840. What is the units digit of l?
4
Let d = 891 - 616. Let g = d - 196. What is the units digit of g?
9
Suppose -3*u - 15 = -0*u, 2*u + 255 = -5*f. Let t = f - -33. Let x = 46 + t. What is the tens digit of x?
3
Suppose -4*h + 578 = 590, -7*f + 3*h + 337577 = 0. What is the units digit of f?
4
What is the thousands digit of 1*((-1344)/(-14))/(4/356)?
8
Let s be (1/(-4) - 35/20)*-2. Suppose -g + 1 = 0, -2*q = -0*q + s*g - 272. Suppose 4*z + u = q, -2*z = -3*u - 76 + 2. What is the tens digit of z?
3
Let f(u) = 822*u**3 - u**2 + 28*u - 47. What is the units digit of f(2)?
1
Let k be (74/3)/((-4)/18). Let v be k/39 - 14/91. What is the tens digit of 123/3 + 3 + v?
4
What is the units digit of (5502/(-30) + 8 - 5)/((-3)/1350)?
0
Let z(k) = 1502*k - 797*k + 146 - 752*k. What is the tens digit of z(-11)?
6
Let i(v) = v**3 - 3*v**2 + v - 1. Let d(g) = 2*g**3 - 56*g**2 + 57*g - 5. Let m(t) = -d(t) + 3*i(t). What is the tens digit of m(-48)?
9
Suppose -h - 5*c + 297 = -105, -1218 = -3*h - 3*c. Suppose -2244 = 403*d - h*d. What is the tens digit of d?
6
Suppose -3*n = -53 - 214. What is the units digit of n?
9
Suppose -17*x = -16*x - 4902. Suppose x + 1158 = 10*m. What is the units digit of m?
6
Let x = -594 - -717. Let v = 8 - 5. Suppose -t = 3*z - 4*t - x, -v*z - 5*t = -107. What is the tens digit of z?
3
Let a(c) be the third derivative of c**5/10 - 7*c**4/24 - 17*c**3/6 - 47*c**2. What is the tens digit of a(10)?
1
Let z(c) = c**3 + 16*c**2 + 3*c - 1. Let k be z(-15). Suppose 3*l = 2*x + 616, 440 + k = 3*l + x. What is the hundreds digit of l?
2
Let m(l) = -31*l + 716. What is the thousands digit of m(-40)?
1
Let y = -121 + 125. Suppose 0 = -r - 4*b + 510, y*r - 1998 = 6*b - 8*b. What is the units digit of r?
8
Let i = 590 + -596. What is the hundreds digit of (-7)/(-21) - (-1)/(i/(-2800))?
4
Let r = 631 + -137. Suppose -6*g + 1408 = -r. What is the tens digit of g?
1
Suppose 2*k - 4*b = 30, 4*k + 10 = 9*k + 3*b. Suppose 16*t - k*l - 797 = 14*t, 0 = -5*t + 5*l + 1970. What is the units digit of t?
1
Let b = 2 - -7. Suppose b*u - 11*u = -878. Let y = -223 + u. What is the tens digit of y?
1
Let b = 46790 + -30546. What is the hundreds digit of b?
2
Suppose t + 2*m = 32047 - 5275, -4*m - 53496 = -2*t. What is the thousands digit of t?
6
Let d(l) be the second derivative of 35*l**4/12 - l**3/6 - 4*l**2 + 16*l. Suppose 4*g = -2*s + 16, 3*g - g - 2 = -4*s. What is the tens digit of d(s)?
3
Let p(u) = -u**2 + 7*u + 2. Let y be p(6). Let f be (2/y*-3)/((-14)/(-56)). What is the tens digit of f + 7 + 52 + 2 + -1?
5
Suppose 0 = -4*t - 5*t + 909. Let n = t + -87. Suppose -13*i - 144 = -n*i. What is the tens digit of i?
4
Let p be 1 + 2830 - (-21)/21. Suppose 16*u = 22*u - p. What is the tens digit of u?
7
Let k(y) = -y**3 + 17*y**2 - 13*y - 16. Let w be (1 - 4)*96/(-9). Suppose -10*c = -12*c + w. What is the units digit of k(c)?
2
Suppose 5*b = 5*w - 125, 6*w - 2*w + 20 = -b. Let a = b - -26. Suppose a*g + 4 = 102. What is the units digit of g?
9
Let q = 877 - 3305. Let j = -505 - q. Suppose 15*k = j - 603. What is the tens digit of k?
8
Let r = 167 + -163. Suppose o = -r, 0 = -3*s - 4*o + 746 + 684. What is the tens digit of s?
8
Let p = -19 + 31. Let l = p - 6. Suppose -4*m = -y + 78, -2*y - 2*m = -l*y + 340. What is the units digit of y?
6
Suppose 19*v = -6*v - 75. What is the units digit of (-44958)/(-42) + v*1/7?
0
Let f(u) = 19*u + 943. What is the units digit of f(-10)?
3
Let h(g) = -67*g**3 + 2*g**2 + 2*g - 9. Let s be h(2). What is the hundreds digit of (s + 14)/((-3)/2)?
3
Let u = -82 + 73. Let h(j) = j**3 + 11*j**2 + 12*j - 2. What is the tens digit of h(u)?
5
Let v be (1/5*6)/((-6)/(-105)). Let y(q) = 10 + v*q**2 - 43*q**2 - 10*q + 21*q**2. What is the tens digit of y(-9)?
1
Let k be 20/(194*(-3)/198 - -3). Let y be k + (-5)/(-20)*4. Let c = y - 234. What is the units digit of c?
7
Let l(f) = 3*f**2 + 106*f + 46. What is the units digit of l(63)?
1
Let g = -4 + 8. Let o(b) = -6*b - 54. Let j be o(-9). Suppose j = 3*n + 4*m - 208 - 35, g*m = -n + 73. What is the units digit of n?
5
Let a(t) = -t**3 - 7*t**2 + 15*t - 22. Let c be (96/4)/(-2) - -3*1. Let p be a(c). Suppose -p*h = -35 - 40. What is the tens digit of h?
1
Suppose 2*f = 2, -b - 3*f + 4 = f. What is the tens digit of 11/11 - b/1 - -99?
0
Let z(p) = 179*p**2 + 4*p - 2. Suppose -5*y - 27 = 3*k, 4*k + y + 1 = 6*y. Let n be ((-4)/8)/(k/8). What is the hundreds digit of z(n)?
1
Let l = 84588 - 30810. What is the hundreds digit of l?
7
Let h = -366 + 368. Suppose h*f - 7*f = -3*v - 1843, f = -3*v + 365. What is the tens digit of f?
6
Let q(n) = -n + 42. Let f be (-11)/(-3) - (-1)/3. Suppose m - 3*m = f*z - 2, -5*m - 5*z = -20. What is the units digit of q(m)?
5
Suppose 12*b = 246748 + 625256. What is the thousands digit of b?
2
Suppose -y - 4*l - 5 = -10, -25 = -5*y + 2*l. Suppose y*i + 3*k - 1200 = 0, -5*k - 12 - 13 = 0. What is the units digit of i?
3
Let q(p) = p**3 + 7*p**2 - p + 5. Let i be q(-6). Suppose 4*m - 4*z + 73 = 293, -2*z + 102 = 2*m. Let u = i + m. What is the tens digit of u?
0
Let m be ((-2)/4 + 11 + -11)*-4. What is the units digit of ((-20)/3)/(m/(-132))?
0
Let j(c) be the first derivative of -95*c**3/3 - 5*c**2/2 - 7*c - 27. Let h be j(-2). Let i = -205 - h. What is the tens digit of i?
7
Let p(r) = 4*r**2 - 8*r + 14. Let c(w) = w**2 + 15*w + 32. Let i = 50 + -63. Let d be c(i). What is the units digit of p(d)?
0
Suppose h = -5*o - 7 - 10, -2*o = -5*h - 4. Let t(p) = -7*p + 14. What is the tens digit of t(o)?
3
Suppose 0 = -12*z + 268 + 56. Suppose z*a - 14743 = 4*a. What is the tens digit of a?
4
Suppose 0 = -3*z + 5*z - 3*n - 886, 0 = 5*z + 4*n - 2238. Suppose 4*p = h - z, -3*p - 57 = -45. What is the hundreds digit of h?
4
Let k(f) = f**2 + 4*f + 12. Let l be 35 - -1*(-2 + (-3)/(-3)). Let z = 40 - l. What is the tens digit of k(z)?
7
Let i = 108 - 104. Suppose -17*j + 15*j + i = 0. Suppose -2*m - 5*u = -24, j*m + 2*u = 8 + 10. What is the units digit of m?
7
Let b(f) = 335*f + 9430. What is the thousands digit of b(0)?
9
Let h be ((-1)/(1/4) - -2) + 7. Suppose 0 = 14*q - 13*q - h. Suppose 5*o + 75 = 2*r, -3*o - 147 = -q*r - 7. What is the units digit of r?
5
Let h = 1549 - 658. Suppose 10*r = -439 - h. Let x = r + 219. What is the units digit of x?
6
Suppose 185 = -2*l + 3779. Suppose f - 1791 = -d - 3*d, 0 = 4*d + 3*f - l. What is the tens digit of d?
4
Suppose -4*k + 2*f + 57570 + 114464 = 0, 0 = -4*k + 4*f + 172040. What is the units digit of k?
7
Let j(q) = 54*q**2 - 178*q + 21. What is the units digit of j(-9)?
7
Let o(a) = 13*a**2 + 33*a + 4. What is the units digit of o(23)?
0
Suppose -f + 3*s = -0*s + 6, 3*s - 6 = 5*f. Suppose -a + 3*a + i - 70 = f, -176 = -5*a - 2*i. Suppose 124 - a = 2*n. What is the tens digit of n?
4
Suppose 11*u + 28061 = 13*u - 3*n, -3*n + 70205 = 5*u. What is the units digit of u?
8
Suppose 0*y + 5250 = 3*y. Suppose -q - y = 3*v, -v + q - 582 = 2*q. Let n = v - -856. What is the tens digit of n?
7
Suppose -2*w - 8*o + 4*o = -2934, -w + 4*o + 1437 = 0. What is the hundreds digit of w?
4
Let s be 6/(-18) + 2/6. Suppose s = -5*b - 2*h - 330, -4*b + 2*b - h - 133 = 0. Let z = 188 + b. What is the hundreds digit of z?
1
Let w be -3*(-1540)/(-126)*12/10. Let c be (-6)/(-4) - 591/(-6). Let j = w + c. What is the tens digit of j?
5
Suppose -5*a + 2*k + 70185 = 0, -792*a + 794*a = 5*k + 28074. What is the units digit of a?
7
Let w be 16/64 - (-5878)/8. Suppose -5*x = -4490 + w. What is the units digit of x?
1
Let g(h) = 9294*h - 13388. What is the ten thousands digit of g(5)?
3
Let s(z) be the second derivative of 0 + 9/2*z**2 + 19*z + 1/2*z**3. What is the units digit of s(7)?
0
Suppose 109 = 17*v - 656. Let u = 97 + v. What is the units digit of u?
2
Let s(g) = 19*g**2 - 55*g + 16. What is the units digit of s(15)?
6
Suppose 13 = 3*h + 